.
9
Let d be 10/(-85) + 196/(-68). Let u be (-312)/d - 6*6/9. Calculate the highest common factor of u and 25.
25
Let o(u) = 5*u**3 - 19*u**2 + 10*u + 14. Let a be o(7). Calculate the highest common factor of a and 56.
28
Suppose 18 = -x - 3*z + 19, -2*z - 8 = 0. Calculate the greatest common divisor of x and 143.
13
Let d(u) = -u**3 + u**2 - 2*u + 7. Let h be ((-18)/10)/((-4)/20). Suppose 0 = -4*m + h*m. Let j be d(m). Calculate the highest common factor of j and 7.
7
Let o = 497 - 156. What is the greatest common factor of 279 and o?
31
Let m(n) = -n**2 - 8*n + 74. Let u be m(-12). What is the highest common factor of u and 234?
26
Let x(a) = a**2 + 2*a + 3. Let r(l) = -l + 3. Let y be r(6). Let b be x(y). What is the greatest common divisor of b and 24?
6
Suppose -5*o - 2*n = -41, 0 = o + 2*n - 0*n - 13. Suppose -o*g + 10 = -2*g. Let w be 47 - (g - 9/3). Calculate the highest common divisor of w and 6.
6
Let f(r) = -r + 6. Let l be f(3). Let m = 48 - 44. Suppose 3*q + 56 + 55 = m*h, 3*h = 5*q + 97. Calculate the highest common factor of h and l.
3
Suppose 120 = -0*d + d. Let q(k) = -12*k**2 + 11 + 2*k - k**3 - k**2 - 2*k - k. Let n be q(-13). What is the greatest common factor of n and d?
24
Let h(a) = -a**3 - 7*a**2 + a - 11. Let w be h(-8). Let p be 1/3*(-72 + 82 - (-2 + -3)). Calculate the greatest common divisor of p and w.
5
Let l = 38 + -46. Let m(d) = d**3 + 8*d**2 - 11*d - 34. Let f be m(l). Calculate the greatest common factor of f and 6.
6
Let f(b) = 11*b + 1. Let w(z) = -12*z. Let h(g) = -2*f(g) - 3*w(g). Let q be h(1). Calculate the greatest common factor of 60 and q.
12
Suppose -475 = -10*n + 2675. Calculate the greatest common divisor of 70 and n.
35
Suppose -3*c + 660 = -0*c. Let p = 14 - -41. What is the highest common factor of c and p?
55
Let v = 21 - -14. Let h = -38 + v. Let m be 2/(-4)*(h + -1). What is the highest common divisor of m and 22?
2
Suppose -2*j = 13 - 5. Let m be (-1)/j + 270/8. Suppose -4*y + 47 = -y + r, 2*r = 2*y - m. Calculate the highest common divisor of 32 and y.
16
Let o = 1 - -4. Suppose o*d - 131 = 49. What is the highest common divisor of 4 and d?
4
Let g = 5 + -7. Let h be (-1)/(g/30) + 1. Suppose 0 = -4*x - q + 135, -166*x - q = -171*x + 153. Calculate the greatest common divisor of h and x.
16
Let x be -1 + 1 + -1*1. Let t be (-132)/(-1) + (0 - x). Let a be 47/(-15) + 3 - (-4018)/210. What is the highest common divisor of a and t?
19
Let n = 800 - 695. Calculate the highest common factor of 42 and n.
21
Let s = 11 + -6. Suppose 0 = -5*v + 2*u + 94, -33 - 56 = -4*v - 3*u. Calculate the highest common factor of v and s.
5
Suppose -2*d = -4*g + 2*d + 32, -5*g - 5*d = 10. Suppose 7 + 77 = g*k. Suppose 5 = -u - 2*t, 4*t + k = u + 3. Calculate the highest common divisor of 40 and u.
5
Let x(b) = -b**2 - 12*b + 2. Let d be x(-9). Let m = d - 15. Calculate the greatest common factor of 7 and m.
7
Suppose -3*y + 3*m + 118 = 5*m, -79 = -2*y - m. What is the highest common divisor of 680 and y?
40
Let y = 37 - 35. Suppose -154 = -3*s - 2*d, y*d = -2*s + 6*d + 124. Let i be 404/3 - 2/(-6). What is the greatest common divisor of i and s?
27
Let h = -19 + 28. What is the greatest common factor of 9 and h?
9
Let y = -97 - -137. Suppose 0 = -m + 77 + y. Calculate the greatest common divisor of m and 13.
13
Let u be -22*(3/(-6) - 2). Let a = 157 + -135. What is the highest common factor of a and u?
11
Let u(n) be the first derivative of n**4/4 - 2*n**3/3 + 2*n**2 + 3*n - 3. Let l be u(5). Let k = -148 - -162. What is the highest common divisor of l and k?
14
Let u = -111 + 169. Let k = u + -37. Suppose -2*x + 66 = 24. What is the highest common divisor of x and k?
21
Suppose 1370 = 5*d - 5*p, -2*p - 1 = -p. Let k be (-2)/1 - (d/(-1) + -2). What is the greatest common divisor of 39 and k?
39
Suppose 0*x + 6 = x. Let d = -46 + 28. Let t = 27 + d. What is the greatest common factor of x and t?
3
Let f be 225*84/35*(-2)/(-8). Calculate the greatest common factor of f and 27.
27
Let w = -211 + 218. What is the highest common factor of 427 and w?
7
Let s be (-2077)/(-8) + (-99)/(-264). Calculate the highest common factor of s and 70.
10
Let m = -117 - -173. Suppose 8*f = -3*s + 4*f - 206, f - 374 = 5*s. Let b = s - -88. Calculate the highest common factor of b and m.
14
Let j be 2480/104 + 4/26. Suppose 5*n + w - j = 0, 3*w = -3*n + 7*n - 4. What is the highest common factor of 32 and n?
4
Let q(u) = -u**3 + 2*u**2 + u. Let s be q(2). Suppose 5*f = -s*c + 8, -f = -3*f. Let h be ((-4)/5)/(c/(-10)). What is the greatest common divisor of 10 and h?
2
Suppose 4*r - 23 = -3. Suppose 0 = -2*f + 2, -9 = u + 3*f - 17. Calculate the greatest common factor of u and r.
5
Let m be 0 + (-4)/((-2)/2). Suppose 0 = -3*d + 14*f - 13*f + 131, 2*d + m*f = 64. Let g = 14 + -8. Calculate the highest common divisor of g and d.
6
Let j = 5 - 0. Suppose -12 = j*q - 9*q. Suppose 0*x = -q*x + 285. Calculate the highest common divisor of x and 19.
19
Suppose 0 = 5*m - 3*k - 125, -4*m - 4*k = -6*k - 98. Calculate the highest common divisor of m and 22.
22
Let g = 129 + 14. Calculate the highest common divisor of 11 and g.
11
Let k = 334 + -224. Suppose 8*m - 3*m = 55. Let c = 0 + m. Calculate the highest common divisor of c and k.
11
Suppose 10*o - o = 3213. Calculate the greatest common factor of 102 and o.
51
Let w(r) = r + 10. Let h be w(-13). Let a(o) = -3*o**3 + o**2 - 4*o - 3. Let c be a(h). What is the greatest common divisor of c and 9?
9
Let w be (-4 + 31)*(-1)/(-3) + -1. Suppose 0*h - 4*h = -w. What is the highest common factor of 10 and h?
2
Let v = -36 + 41. Suppose -4*m + 47 = v*s, -m - 3*s - 69 = -4*m. Calculate the highest common divisor of m and 54.
18
Suppose -197 = -5*d - 47. Let l be d/(-1)*(7 + -5). Let z be ((-30)/75)/(1/l). What is the highest common divisor of 12 and z?
12
Let s = -219 + 511. Suppose -3*n + s = -83. Calculate the greatest common factor of n and 25.
25
Suppose 8 = 4*u - 20. Let j(t) = -t**2 + 8*t - 3. Let z be j(u). Suppose z*a + 4*b = -0*a + 20, 13 = 3*a + 4*b. What is the greatest common factor of 49 and a?
7
Let y = -5007 + 5016. Suppose -2*l = 3*l - 405. What is the greatest common divisor of l and y?
9
Suppose 0 = 5*o - 5*c - 33 - 2, 0 = 5*o + 3*c - 3. Let x = 21 - o. Calculate the highest common factor of x and 9.
9
Suppose 3*u - 27 = 21. Let w be (-1)/(-2)*(-1 + 9). Suppose -w*c - 4 = -u. What is the highest common divisor of 12 and c?
3
Let j = 864 + -612. What is the highest common factor of j and 2?
2
Suppose 2*h = 4*f + 50, -h = -3*h - f + 30. What is the highest common divisor of h and 187?
17
Suppose 5*d + 2*o + 2*o = 27, 2*o = -3*d + 15. Suppose 4*l - 4*p = -39 + 303, -4*l - d*p + 243 = 0. What is the highest common divisor of l and 9?
9
Let j = 112 + -57. Let k = 54 - 53. Let i be (k + (-14)/(-6))/(6/9). What is the greatest common factor of j and i?
5
Let l be 41760/225 - (-1)/((-10)/(-4)). Calculate the highest common divisor of l and 31.
31
Suppose 0 = -16*z + 10*z + 396. What is the greatest common factor of z and 88?
22
Let w(i) = i**3 - 10*i**2 - i + 4. Let x be w(10). Let v be (-64)/x + 2/(-3). Let h = 193 - 103. What is the greatest common divisor of h and v?
10
Let o = 85 - 69. Let b be 3 + (-2 - (-1 + 79)). Let j be (-330)/b - 4/14. What is the greatest common divisor of j and o?
4
Suppose 0 = 9*m + 444 - 1551. Suppose -3*k + 3*y - 164 - 16 = 0, k + 3*y + 72 = 0. Let t = k + m. Calculate the greatest common factor of t and 15.
15
Suppose -11*o + 1408 = -7*o. What is the highest common factor of o and 88?
88
Let b = -10 + 11. Suppose -4*h + b = -7. Suppose -h*w = c - 2, -3*c + w = -0*w - 13. What is the greatest common divisor of c and 1?
1
Suppose 0 = 4*x - 3*x + 2*i - 20, 0 = -2*i - 4. Let o(r) = r**3 - 26*r**2 + 46*r + 51. Let m be o(x). What is the highest common factor of 39 and m?
3
Let g(s) = 99*s - 4. Let w be g(-2). Let d be 8/(-20) - w/5. Calculate the greatest common divisor of d and 60.
20
Suppose -3*d + 4*d = 5*k - 8, -k - 11 = -2*d. Let m be (4/10)/(3/(-15)). Let a be 2 - ((-2)/m + -55). Calculate the highest common factor of a and d.
7
Let i be 36/((80/900)/(4/18)). What is the highest common factor of i and 360?
90
Let o = -26 - -32. Suppose -o*v + 10*v - 16 = 